2. What is v(d)?
-5
Let q be -3 - (3 - (-44)/(-4)). Let p(w) = w - 10. Let x(f) be the first derivative of f**2/2 - 10*f + 1. Let r(l) = 2*p(l) - 3*x(l). What is r(q)?
5
Let a = 16 - 13. Let z(q) be the second derivative of 0 - 2*q**2 - 1/6*q**a - 1/12*q**4 + 1/20*q**5 - 3*q. Give z(0).
-4
Let r(n) = 2*n + 8. Suppose 0 = 5*i - 2*i + 18. Determine r(i).
-4
Suppose -3*n - 20 = -2*x - 5, -x = n - 15. Suppose 0*u + 2*u = -2*r + x, 4*r + 3*u = 21. Let j(a) = -3*a + 2*a**r + 5 - a**3 - 3*a**2 - a. Determine j(4).
5
Let p(f) be the first derivative of -f**4/4 - 2*f**3/3 + 5*f**2/2 + 2*f - 59. Give p(-3).
-4
Let r(n) = -n**3 + 2*n**2 + 4*n + 5. Suppose 3 = 2*c - 5. What is r(c)?
-11
Let t(o) = o**2 - 5*o - 10. Let z be t(7). Let l(y) = -y**2 + 3*y**2 - y**2 + 2*y + 0*y - z. Suppose f + 4 - 1 = 0. What is l(f)?
-1
Let y(n) = -2*n - n**2 - 264 + 270 + 7*n. Calculate y(5).
6
Let z be ((-92)/32 - -1) + 2. Let b(j) be the third derivative of 5/6*j**3 + z*j**4 - j**2 + 0*j + 0. Give b(-4).
-7
Let l(j) = -j**3 - 7*j**2 + 2*j + 9. Let n(s) = s**3 + 6*s**2 - 2*s - 8. Let z(y) = -3*l(y) - 4*n(y). Determine z(-4).
13
Let r(u) = 2*u + 3. Let v(c) = 2*c - 4. Let n be v(3). Let b(p) = p**3 + 4*p**2 - 4*p + 4. Let i be b(-5). Let t be (n - 2) + i + -2. Give r(t).
-3
Let j(o) = 4*o - 2. Let k be (-8)/6*12/8. Determine j(k).
-10
Let t(k) be the third derivative of -k**8/960 + k**7/2520 - k**6/720 - k**5/120 + k**4/24 - 7*k**2. Let v(n) be the second derivative of t(n). What is v(-1)?
8
Let o = 0 - -4. Let n(l) = -3*l - 4*l**3 + 8*l + 1 + 5*l**3 - 5*l**2. Give n(o).
5
Suppose 0 = -4*u + 2*w - 26, -2*u - 2*w + 21 = -5*u. Let l(y) = -y + 2. Let c be l(0). Let s(z) = -z - 5*z + z - z**c + 0*z. Give s(u).
0
Let q(o) be the first derivative of 2*o**3/3 - 5*o**2/2 + 4*o + 1. Calculate q(4).
16
Suppose 0 = -6*p + 7*p - 2. Let u(y) = -2 + y**2 - 2*y - 2 + 6. What is u(p)?
2
Let a(i) = -2*i. Let m(s) = 9*s - 7. Let h(r) = -5*a(r) - m(r). Give h(5).
12
Let i(k) be the third derivative of k**4/24 + 2*k**3/3 + 3*k**2. Suppose -2*z - 6 = -5*t + 14, 0 = -3*z + t - 4. Determine i(z).
4
Let x be (-132)/(-28) - 4/(-14). Suppose -5 = -2*c + x. Let b(s) = -s**3 + 4*s**2 + 5*s + 6. Determine b(c).
6
Let z be 4/(16/6)*2. Let k = 8 - z. Let v(h) be the first derivative of h**2/2 - h + 3. What is v(k)?
4
Suppose 7*o = 3*o + 16. Let g(c) = -11*c - 3. Let l(q) = 5*q + 2. Let u(r) = -2*g(r) - 5*l(r). Let f(a) = -4*a - 4. Let x(j) = o*f(j) - 5*u(j). What is x(3)?
1
Let s(n) = -n + 1. Let h(g) = g**2 - 12*g + 3. Let k(z) = h(z) - 6*s(z). Determine k(4).
-11
Let n(o) = o**3 + 3*o**2 + 3*o + 2. Let q = -5 + 3. What is n(q)?
0
Let n(q) = 6*q - 5*q - 3*q - 1. Determine n(1).
-3
Let o(p) be the third derivative of -p**7/840 + p**5/30 + p**2. Let k(m) be the third derivative of o(m). Let j(q) = -q**2 + 10*q - 8. Let w be j(9). Give k(w).
-6
Let c(k) = -3*k + 3 + 6 + 5 - 9. Let y(w) = -w + 2. Let g be y(-2). Give c(g).
-7
Let d(m) = 6*m - 3*m - 1 - m. What is d(4)?
7
Let n(d) be the second derivative of -7*d**6/120 - d**5/30 + d**3/6 + 2*d**2 - 2*d. Let y(k) be the first derivative of n(k). What is y(1)?
-8
Let z(m) = 11*m**3 - m. Let c be ((-80)/12 - -6)/(2/(-3)). Give z(c).
10
Let d(q) = 1 + 2*q**2 + q**2 - 5 - 2*q**2. What is d(0)?
-4
Let b(a) = -a**3 - 6*a**2 - 1. Let y(w) = -w**3 + 4*w**2 + 4*w + 1. Let o be y(5). Let x = -2 + o. Determine b(x).
-1
Let j be 2*-1 - (-1 - -1). Let b(v) = -2*v + 10. Let z(w) = w - 7. Let f(c) = -5*b(c) - 7*z(c). Calculate f(j).
-7
Let z(s) be the first derivative of s**5/120 - 4*s**3/3 - 3. Let r(b) be the third derivative of z(b). What is r(-3)?
-3
Suppose 0*p + 5*p - 15 = 0. Let r(s) be the first derivative of -s**4/24 + s**3/2 - 2*s**2 - 13. Let d(v) be the second derivative of r(v). Determine d(p).
0
Let a(r) = 12*r**2 + 4*r + 1. Let y(q) = q**2 + q. Let d(c) = -a(c) + 3*y(c). Give d(-1).
-9
Let p(u) = u**2 - 9*u + 17. Let i be p(5). Let a(q) = -q**3 - q**2 + 3*q + 2. Give a(i).
11
Let j = -4 + 6. Let f(a) = 3*a**3 + 0*a - 6*a**j - 2*a**3 + 3*a**2 - 3*a. What is f(4)?
4
Let f(g) = 1 - 5 + 2*g + 0. Calculate f(-3).
-10
Let x(b) be the second derivative of -b**4/12 - 6*b. What is x(1)?
-1
Suppose 4*t - 22 = 5*i, -3 - 1 = 2*i. Let g(r) = -1 - 3*r - 2*r**2 + 6 + r**3 - 1. Give g(t).
4
Let i = 0 - 0. Let w(o) = 0 - 2*o + i. Suppose -3*y + y = 0, -4*y = 5*p + 20. Give w(p).
8
Let g = -9 + 3. Let k = -4 - g. Let h(y) = -3 + 2*y**k + 4 + y - y**2. Calculate h(-1).
1
Let q(p) = p - 2. Suppose -3*s + 0*s + 12 = 0. Calculate q(s).
2
Let l be (3/(6/10))/1. Suppose 0*j - l*q + 18 = 4*j, -2*q + 2 = -j. Let b(x) = -x**3 + 2*x**2 + 0*x**j + 2*x**2 + 2. What is b(4)?
2
Let p(g) = -3*g + 2. Let x(i) = i - 1. Let b(o) = -p(o) - 5*x(o). What is b(3)?
-3
Let s be 3*4*(-3)/(-36). Let z(c) = 9*c**2 - 5*c**3 + 4*c - s - 5*c**2 + 4*c**3. Let g = 18 - 13. Give z(g).
-6
Let f(j) = j + 2. Let n be f(-5). Let y be (-1)/(-2*2/8). Let t(r) = -3 + r**2 - 2*r**2 - r - y*r. What is t(n)?
-3
Let o be 18/4 - (-39)/(-26). Let p be (-1 - -1) + (-5)/(-1). Let z(j) = j - j**2 + 0 + p - 1. What is z(o)?
-2
Let k(s) be the first derivative of -3 + 1/3*s**3 + 1/2*s**2 - 5*s. Give k(0).
-5
Let j = 2 - 2. Let r = j - 2. Let v(h) = h**3 - 2*h**2 - 2*h. Determine v(r).
-12
Suppose 0 = 5*f - 25, 3*c = -5*f + 20 + 5. Let r(y) = y**3 + 7*y + c*y**3 - 2*y**3 - 6*y. Suppose 22 = -5*s - 3*g, -2*s + 2*g - 1 = -5. Determine r(s).
6
Let q(s) = s**3 - 5*s**2 - s - 7. Let l be q(5). Let t = -6 - l. Let v(i) = -i**2 + 6*i + 5. Give v(t).
5
Let n(u) be the second derivative of 1/2*u**2 + 2*u + 3/2*u**3 - 1/24*u**4 + 0. Let k(h) be the first derivative of n(h). What is k(0)?
9
Let a(c) be the third derivative of c**4/24 + 2*c**3/3 - 32*c**2. Calculate a(7).
11
Let n = 4 - -2. Let g be 17/3 - 4/n. Let v(d) = -2*d**2 - 2*d + 4 + 3*d**2 - 3*d. What is v(g)?
4
Let n be (-1)/(28/175) + (-1)/(-4). Let d(r) = -r - 7. Determine d(n).
-1
Suppose a - 2 = 1. Let v(j) = -j**3 + j**2 + 5*j - 4. Calculate v(a).
-7
Let h(j) = 2*j**3 + 19*j**2 + 14*j + 7. Let u(f) = -3*f**3 - 28*f**2 - 21*f - 10. Let i(p) = -7*h(p) - 5*u(p). Calculate i(-6).
-5
Let r(c) = -4*c**3 - 1. Suppose -4*h - 4*d + 20 = 4, 2*h = -5*d + 17. Calculate r(h).
-5
Let w(g) = -g + 9. Suppose -3*i - o + 29 = 0, 0 = 5*i - 9*i - 3*o + 47. Calculate w(i).
1
Let b(a) = -a**2 - 9*a + 1. Let g(h) = -3*h**3 - 1. Let p be g(1). Give b(p).
21
Let g = 0 + 3. Suppose -g*d + 5*d - 8 = 0. Suppose 3*r - d - 2 = 0. Let n(z) = -2*z + 1. Determine n(r).
-3
Let a = -10 - -13. Let f(m) = 2*m + 2. Determine f(a).
8
Let h(u) be the third derivative of u**7/2520 + u**5/24 - u**4/24 - 3*u**2. Let l(w) be the second derivative of h(w). Suppose 3*z - 2*z = 0. Calculate l(z).
5
Suppose 15 - 3 = -3*d. Let k(t) = -2*t**3 - 8*t**2 - 5*t + 13. Let n(x) = 3*x**3 + 12*x**2 + 8*x - 20. Let f(u) = 8*k(u) + 5*n(u). Calculate f(d).
4
Let b(t) = -t + 1. Let k be b(0). Suppose -2*v + 4 = 10. Let r = k + v. Let z(a) = -2*a + 1. Determine z(r).
5
Let h(j) = 7*j**2 - j - 1. Suppose 0*r = 2*r. Suppose 4*p + w - 1 = -r*w, 5*p = 5*w - 30. What is h(p)?
7
Let f(x) = 10*x + 3*x - 24*x - 5 + 10*x. What is f(0)?
-5
Let b(g) = g - 1. Let d(c) = -c + 1. Let n(r) = -6*b(r) - 7*d(r). Suppose -7*z - 2 = -6*z. Calculate n(z).
-3
Let p(l) = l**3 - 5*l**2 + l + 2. Suppose 2*w - 15 = 5*w, 0 = -2*v + 2*w + 40. Let c be (-9)/v - (-7)/(-5). Let i = 2 - c. Determine p(i).
-10
Let y = 69 - 69. Let p(v) be the first derivative of v**2/2 - 6*v + 1. What is p(y)?
-6
Let p = 6 + 0. Let z be p/(-9)*(8 + 1). Let o be (9/z - 1)*2. Let s(b) = -b**2 - 6*b + 1. Determine s(o).
6
Let h(g) = -3*g - 113 + 3*g + 109 - 4*g - g**2. What is h(-4)?
-4
Let h = -57 + 59. Let m(n) = 2*n - 2 - 4*n + n**2 + 1. Determine m(h).
-1
Let f(a) = 2*a**2 - 3*a + 3. Suppose -4*w = 2*c - 18, -w + 3*c - 3 = 2*c. Determine f(w).
5
Let c = 37 - 34. Let f(b) = -b**3 + 3*b**2. What is f(c)?
0
Suppose -17*a + 13*a = -12. Let y(l) = -4*l + 1. Give y(a).
-11
Let w(g) be the third derivative of g**6/120 + g**5/60 - g**3/6 + 3*g**2. Let n = -2 + 2. Calculate w(n).
-1
Let l(m) be the first derivative of 2*m**3/3 + 3*m**2/2 + m - 22. Give l(-2).
3
Suppose 5*x + j + 25 = 0, x - 2*j - 1 = -j. Let y(s) = -s + 2*s + 5 + 0*s + 0. What is y(x)?
1
Let q(b) = -9*b**2 - b. Let s = -